 = 3*n**2 - 122*n - 517. Determine x(40).
-597
Let z(w) = -9*w**2 - 55*w - 13. Determine z(-6).
-7
Let k(v) = -v**2 - 96*v - 388. Determine k(-93).
-109
Let z(r) = -r**2 - 58*r + 331. What is z(6)?
-53
Let g(i) = -2*i**3 + 5*i**2 + 14*i + 4. Calculate g(-5).
309
Let k(m) = 744*m + 17. What is k(0)?
17
Let i(s) = -2*s**2 - 17*s + 75. Give i(6).
-99
Let a(r) = r**3 - 36*r**2 - 47*r + 191. Give a(37).
-179
Let r(j) = 462*j - 30096. Give r(65).
-66
Let k(m) = -m**3 - 50*m**2 + 54*m + 93. Determine k(-51).
-60
Let r(d) = -16408*d - 147663. Give r(-9).
9
Let c(o) = -2*o**3 + 426*o**2 - 15*o + 3190. Determine c(213).
-5
Let b(f) = -f**3 - 40*f**2 + 330*f + 50. Calculate b(-47).
3
Let m(t) = -150*t - 753. What is m(-12)?
1047
Let z(l) = l**3 - 39*l**2 + 226*l - 57. What is z(32)?
7
Let u(m) = m**3 + 94*m**2 + 2086*m - 66. Calculate u(-36).
6
Let l(z) = -z**3 + 3*z**2 + 12*z + 24. What is l(0)?
24
Let p(w) = 5*w**2 - 513*w - 512. Give p(-1).
6
Let j(o) = -o**2 - 24*o - 159. What is j(-12)?
-15
Let z(w) = -88*w - 2383. What is z(-27)?
-7
Let o(f) = f**3 + 56*f**2 + 433*f + 469. Calculate o(-47).
-1
Let k(g) = 34*g - 1197. Give k(35).
-7
Let s(c) = c**3 + 34*c**2 + 36*c + 92. Calculate s(-33).
-7
Let m(u) = 3*u**2 - 34*u + 40. Give m(-7).
425
Let x(t) = -t**3 + 10*t**2 + 13*t + 138. Calculate x(12).
6
Let v(l) = -68*l + 4683. What is v(70)?
-77
Let x(w) = w**3 + 94*w**2 - 99*w - 431. Determine x(-95).
-51
Let y(j) = 10*j**2 - 2*j - 14. What is y(5)?
226
Let j(p) = p**3 + 4*p**2 - 30*p + 2. Determine j(-9).
-133
Let k(d) = d**3 + 8*d**2 - 69*d - 428. Calculate k(-5).
-8
Let d(z) = -158*z + 2213. Calculate d(14).
1
Let j(t) = 8*t**2 - 399*t - 17. Determine j(50).
33
Let p(u) = -34*u**2 + 328*u + 327. What is p(-1)?
-35
Let a(j) = -5*j**2 + 123*j - 620. What is a(7)?
-4
Let s(c) = -2*c**2 + 69*c - 123. Give s(19).
466
Let f(o) = -4575*o - 22876. What is f(-5)?
-1
Let u(o) = -6*o - 361. Determine u(-56).
-25
Let j(s) = -14*s + 201. Calculate j(17).
-37
Let p(k) = 5*k**3 - 41*k**2 + 6*k + 28. Give p(8).
12
Let w(s) = 10*s**2 + 131*s + 3. Give w(-11).
-228
Let k(a) = a**2 + 57*a - 341. Give k(6).
37
Let d(p) = -p**2 - p + 1. Give d(6).
-41
Let i(s) = -2*s**2 + 244*s - 488. Determine i(2).
-8
Let l(i) = -i**3 + 2*i**2 - 3*i - 6. What is l(4)?
-50
Let u(s) = -285*s - 9977. Give u(-35).
-2
Let j(d) = 4*d**2 + 21*d - 4. What is j(-6)?
14
Let t(s) = -2*s**3 + 16*s**2 + 52*s - 384. What is t(7)?
78
Let l(j) = j**3 - 157*j**2 - 641*j - 483. Give l(161).
0
Let u(i) = 2*i**2 - 384*i - 2374. Calculate u(-6).
2
Let a(c) = -c**3 - 4*c**2 + 33*c - 16. Give a(-8).
-24
Let h(c) = 58*c + 1761. Calculate h(-31).
-37
Let l(u) = -3*u**2 - 9*u + 42. Determine l(3).
-12
Let r(a) = -3*a**2 + 10703*a - 10704. Calculate r(1).
-4
Let p(v) = 47*v + 756. Determine p(-16).
4
Let z(w) = -38*w - 1421. Give z(-38).
23
Let m(u) = -u**3 + 20*u**2 + 6*u - 12. What is m(20)?
108
Let g(z) = -107*z - 5030. Calculate g(-47).
-1
Let k(u) = 56*u + 1293. What is k(-21)?
117
Let q(u) = -606*u + 3032. Determine q(5).
2
Let v(m) = 41*m + 1125. What is v(-28)?
-23
Let h(d) = -19*d**2 + 14*d + 15. Give h(-1).
-18
Let u(k) = 4*k**3 + 3*k**2 + 13*k + 97. Calculate u(-5).
-393
Let m(f) = 6*f**2 - 40*f + 20. Calculate m(9).
146
Let d(v) = -2*v**2 - 11*v + 9068. Determine d(-70).
38
Let d(f) = 7*f**2 - 5*f - 22. Give d(3).
26
Let o(h) = 5*h + 72. Determine o(-13).
7
Let k(b) = -b**3 - 60*b**2 + 90*b - 2156. What is k(-62)?
-48
Let g(c) = c**3 - 49*c**2 + 601*c - 27. What is g(24)?
-3
Let x(u) = 3*u**2 + 25*u + 1. Determine x(-5).
-49
Let b(c) = -37*c**2 - 5*c - 4. Determine b(-2).
-142
Let y(u) = -2*u**3 - 78*u**2 + 81*u + 23. What is y(-40)?
-17
Let d(v) = 325*v**2 - 8*v - 9. Calculate d(-1).
324
Let w(o) = -2*o**2 - 84*o + 43. Determine w(-42).
43
Let j(y) = 311*y - 42600. Determine j(137).
7
Let a(v) = -85*v**3 + 4*v**2 - 4*v + 3. Calculate a(1).
-82
Let h(o) = 221*o - 53920. Give h(244).
4
Let c(k) = 42*k - 1322. Calculate c(31).
-20
Let m(v) = -v**3 - 10*v**2 + 5*v + 5. What is m(-6)?
-169
Let v(f) = -3*f**3 - 42*f**2 + 152*f. Give v(-17).
17
Let g(t) = -193*t + 1253. Determine g(6).
95
Let p(c) = 2*c**3 - 16*c**2 - 933*c - 19. Calculate p(-18).
-73
Let j(m) = m**3 + 18*m**2 + 90*m - 21. Calculate j(-12).
-237
Let a(r) = 3*r**3 - 260*r**2 + 186*r - 1208. What is a(86)?
-4
Let v(h) = 4*h**2 - 49*h - 9. Determine v(11).
-64
Let j(d) = 3*d**2 + 38*d + 172. Calculate j(-7).
53
Let l(p) = p**3 - 108*p**2 + 410*p + 613. Give l(104).
-11
Let y(t) = 2*t**3 + 22*t**2 - 15*t - 38. What is y(-12)?
-146
Let f(i) = 21*i + 2610. Give f(-124).
6
Let t(d) = 5*d**2 - 39*d - 257. Determine t(-4).
-21
Let z(n) = n**3 + 4*n**2 + 175*n - 361. What is z(2)?
13
Let m(p) = 9*p**2 + 7*p - 6. Give m(-3).
54
Let f(s) = 114*s - 388. Determine f(5).
182
Let y(c) = -c**3 - 27*c**2 + 59*c + 60. Calculate y(-29).
31
Let p(o) = 7*o**2 - 137*o - 1087. What is p(-6)?
-13
Let g(r) = 219*r + 499. What is g(-5)?
-596
Let o(u) = -217*u**2 + 1287*u + 97. Determine o(6).
7
Let u(g) = 147*g - 1168. Calculate u(8).
8
Let t(g) = g**2 - 6*g - 300. Give t(-11).
-113
Let x(q) = 374*q - 1533. What is x(4)?
-37
Let a(v) = -v**3 + 5*v**2 - 11*v - 16. Determine a(7).
-191
Let l(y) = y**3 + 24*y**2 - 36*y + 366. Give l(-26).
-50
Let m(q) = -4*q**2 - 102*q - 755. What is m(-9)?
-161
Let f(w) = 2*w**3 - 50*w**2 - 49*w - 81. Determine f(26).
-3
Let o(m) = m**3 + 7*m**2 - 114*m + 76. Determine o(-15).
-14
Let n(q) = 22881*q + 251688. Determine n(-11).
-3
Let u(p) = -11*p**3 - 5*p**2 - 4*p + 4. Determine u(-2).
80
Let d(h) = h**2 + 370*h - 3028. Determine d(8).
-4
Let g(z) = 46*z**2 - 454*z + 34. Give g(10).
94
Let b(f) = 5*f**2 + 360*f + 371. What is b(-71)?
16
Let k(v) = 109*v + 6640. Give k(-61).
-9
Let t(g) = g**3 - 12*g**2 + 8*g - 29. What is t(12)?
67
Let u(w) = -w**3 - 217*w**2 - 7211*w + 887. Determine u(-176).
7
Let n(a) = -a**2 - 14*a - 5. Give n(-14).
-5
Let z(g) = 1264*g + 807. What is z(-1)?
-457
Let y(u) = 13*u**3 - 2*u**2 - 3*u + 1. What is y(1)?
9
Let u(c) = 5*c**2 - 12*c - 185. Determine u(-7).
144
Let x(p) = -329*p - 1977. Determine x(-6).
-3
Let c(k) = 2*k**3 + 110*k**2 + 3*k - 112. Determine c(-55).
-277
Let q(p) = -p**3 + 11*p**2 - 27*p + 479. Determine q(12).
11
Let o(n) = 3207*n - 12833. Give o(4).
-5
Let u(h) = -811*h - 6515. What is u(-8)?
-27
Let q(z) = 3*z + 27. What is q(-1)?
24
Let p(h) = -8*h + 184. Calculate p(27).
-32
Let d(l) = 604*l - 54359. Give d(90).
1
Let z(t) = -3*t**3 + 8*t**2 + 13*t + 12. Give z(4).
0
Let o(h) = 5*h**2 + 19*h + 15. Calculate o(7).
393
Let j(q) = q**2 - 32*q + 194. What is j(7)?
19
Let m(r) = -2*r**3 - 51*r**2 - 68*r + 32. Calculate m(-24).
-64
Let h(r) = 6*r**2 - 30*r - 33. Give h(8).
111
Let p(u) = -u**3 + 42*u**2 - 2*u - 4. Determine p(0).
-4
Let a(y) = 18*y + 806. Calculate a(-45).
-4
Let a(o) = -19*o**2 - 99*o - 9. Give a(-4).
83
Let l(a) = 6*a**3 + 545*a**2 - 89*a + 185. Calculate l(-91).
3
Let c(f) = -2*f**3 + 50*f**2 - 47*f - 26. Calculate c(24).
-2
Let k(y) = -276*y + 514. Calculate k(2).
-38
Let i(x) = 56*x - 38. Determine i(-1).
-94
Let b(k) = k**3 + 5*k**2 - 59*k - 44. Give b(-10).
46
Let u(h) = -1728*h + 1756. Give u(1).
28
Let p(v) = -v**2 + 23*v - 74. Determine p(31).
-322
Let q(t) = 83*t - 841. Calculate q(10).
-11
Let v(y) = 447*y**3 + y**2 - 4*y - 3. Determine v(-1).
-445
Let j(z) = -2*z**2 - 15*z - 31. Calculate j(-2).
-9
Let p(g) = 9249*g - 55511. What is p(6)?
-17
Let d(h) = -61*h - 250. Give d(-5).
55
Let u(d) = d**3 - 52*d**2 + 338*d + 94. Determine u(8).
-18
Let w(u) = -u**3 + 3*u**2 + 19*u - 42. Determine w(2).
0
Let h(l) = -l**3 + 59*l**2 + 160*l + 1635. Determine h(62).
23
Let q(t) = -t**2 - 1995*t + 9993. Calculate q(5).
-7
Let q(x) = -x**3 - 2*x**2 + 106*x + 495. Give q(-7).
-2
Let t(v) = v**3 - 179*v - 918. Calculate t(-7).
-8
Let x(b) = -335*b - 2330. Give x(-7).
15
Let m(t) = -278*t + 1661. Give m(6).
-7
Let p(h) = 26*h**2 + 2285*h - 264. What is p(-88)?
0
Let t(j) = 13*j + 861. What is t(-67)?
-10
Let g(b) = -2*b**3 + 44*b**2 + 7*b - 17. Determine g(22).
137
Let u(s) = 52*s - 1474. What is u(31)?
138
Let b(a) = 26*a - 177. Give b(-6).
-333
Let j(o) = -o**3 - 97*o**2 - 8*o - 812. What is j(-97)?
-36
Let y(b) = -6*b**3 + 57*b**2 + 621*b + 60. Determine y(16).
12
Let a(j